{"id":1364,"date":"2015-04-07T20:54:59","date_gmt":"2015-04-07T20:54:59","guid":{"rendered":"http:\/\/ogrody.greenpoint.kielce.pl\/?page_id=1364"},"modified":"2016-08-17T08:45:26","modified_gmt":"2016-08-17T08:45:26","slug":"nagrody-i-osiagniecia-2","status":"publish","type":"page","link":"http:\/\/greenpoint.kielce.pl\/ogrody\/nagrody-i-osiagniecia-2\/","title":{"rendered":"Nagrody i osi\u0105gni\u0119cia"},"content":{"rendered":"<p>I nagroda w konkursie na najpi\u0119kniejszy ogr\u00f3d w Kielcach &#8211; &#8222;Z\u0142ota Miot\u0142a 2001&#8221;<\/p>\n<p>I nagroda w konkursie na &#8222;Najpi\u0119kniejszy ogr\u00f3d 2002r.&#8221; w Gminie Morawica.<\/p>\n<p>I nagroda \u00a0za Projekt Zieleni Firmy Federal-Mogul w Gorzycach.;Projekt i wykonanie teren\u00f3w zieleni.<\/p>\n<p>Wyr\u00f3\u017cnienie Targ\u00f3w Kielce za eleganck\u0105, oszcz\u0119dn\u0105 w \u015brodkach wyrazu aran\u017cacj\u0119 salonu ogrodowego \u0142\u0105cz\u0105cego urod\u0119 ro\u015blin, kamieni i wody &#8211; 2014 rok<\/p>\n<p>Nagroda za &#8222;Najpi\u0119kniejszy ogr\u00f3d letni 2015&#8221; w Gminie S\u0142upia.<\/p>\n<p><span style=\"color: #000000;\">\u00a0<\/span><\/p>\n","protected":false},"excerpt":{"rendered":"<p>I nagroda w konkursie na najpi\u0119kniejszy ogr\u00f3d w Kielcach &#8211; &#8222;Z\u0142ota Miot\u0142a 2001&#8221; I nagroda w konkursie na &#8222;Najpi\u0119kniejszy ogr\u00f3d 2002r.&#8221; w Gminie Morawica. I nagroda \u00a0za Projekt Zieleni Firmy Federal-Mogul w Gorzycach.;Projekt i wykonanie teren\u00f3w zieleni. Wyr\u00f3\u017cnienie Targ\u00f3w Kielce za eleganck\u0105, oszcz\u0119dn\u0105 w \u015brodkach wyrazu aran\u017cacj\u0119 salonu ogrodowego \u0142\u0105cz\u0105cego urod\u0119 ro\u015blin, kamieni i wody [&hellip;]<\/p>\n","protected":false},"author":1,"featured_media":0,"parent":0,"menu_order":0,"comment_status":"open","ping_status":"closed","template":"","meta":[],"_links":{"self":[{"href":"http:\/\/greenpoint.kielce.pl\/ogrody\/wp-json\/wp\/v2\/pages\/1364"}],"collection":[{"href":"http:\/\/greenpoint.kielce.pl\/ogrody\/wp-json\/wp\/v2\/pages"}],"about":[{"href":"http:\/\/greenpoint.kielce.pl\/ogrody\/wp-json\/wp\/v2\/types\/page"}],"author":[{"embeddable":true,"href":"http:\/\/greenpoint.kielce.pl\/ogrody\/wp-json\/wp\/v2\/users\/1"}],"replies":[{"embeddable":true,"href":"http:\/\/greenpoint.kielce.pl\/ogrody\/wp-json\/wp\/v2\/comments?post=1364"}],"version-history":[{"count":10,"href":"http:\/\/greenpoint.kielce.pl\/ogrody\/wp-json\/wp\/v2\/pages\/1364\/revisions"}],"predecessor-version":[{"id":1679,"href":"http:\/\/greenpoint.kielce.pl\/ogrody\/wp-json\/wp\/v2\/pages\/1364\/revisions\/1679"}],"wp:attachment":[{"href":"http:\/\/greenpoint.kielce.pl\/ogrody\/wp-json\/wp\/v2\/media?parent=1364"}],"curies":[{"name":"wp","href":"https:\/\/api.w.org\/{rel}","templated":true}]}}